= 4*y - 445, -3*y + 134 = -3*x - 220. Is y prime?
False
Let h(a) = 7*a**3 + 5*a**2 - a - 17. Let s(u) = -3*u**3 - 2*u**2 + 8. Let c(z) = 4*h(z) + 9*s(z). Is c(3) composite?
False
Let u = 642 - 107. Is u a composite number?
True
Suppose 3*r + w - 26 = 0, -2*w + 3*w = 4*r - 23. Let h(x) = x**3 - 7*x**2 + 10*x - 5. Is h(r) a prime number?
False
Let y(j) = 458*j - 1. Is y(7) prime?
False
Let c(g) = -g**3 + g**2 + 485. Is c(0) prime?
False
Let h be 22/(-33) - 8/(-3). Suppose -h*v - 158 = -4*v. Is v a prime number?
True
Let g(v) be the third derivative of v**5/3 + v**4/8 - v**3/6 - 5*v**2. Is g(2) prime?
False
Let f = -115 + 276. Is f composite?
True
Let k(s) = -24*s - 2. Let b(h) = 47*h + 4. Let j(r) = 3*b(r) + 5*k(r). Is j(3) a prime number?
False
Let f = 24 + -10. Let w = f - -29. Is w prime?
True
Suppose 19 = -t + 4*c - 10, t + 5*c - 16 = 0. Let m(i) = -i**3 - 9*i**2 - 4*i + 3. Let o be m(t). Suppose f = 4*u - 306, 3*u - 188 = 2*f + o. Is u composite?
True
Suppose w - 15 = -4*o, -3*o + 28 - 7 = 4*w. Suppose 282 = -5*j + o*j. Let d = -82 - j. Is d prime?
True
Let l = 422 + -171. Is l prime?
True
Let w be (-12)/(-30) - 6/(-10). Let x = w + -4. Is x/9 - (-43)/3 prime?
False
Let p(t) be the third derivative of -t**6/40 + t**5/60 + t**2. Let f be p(-1). Is (-4)/(1/((-26)/f)) composite?
True
Let g(j) = -j**3 - j**2 - j - 8. Let c be g(0). Let v(w) = -2*w**3 - 11*w**2 + 4*w + 5. Is v(c) a composite number?
False
Let l(t) = -t**2 + 11*t - 6. Let r be l(11). Is (r - -238) + 6/2 composite?
True
Let h(l) = l**3 + 6*l**2 + 4*l - 1. Let d be h(-5). Suppose 0 = 4*u + 4*f - 280, -8*u + 3*u = -d*f - 305. Is u composite?
True
Let m = -10 + 10. Suppose m = 3*g - 2*y - 199, -2*g - g + 227 = 5*y. Is g prime?
False
Let q = -24 + 40. Let t(p) = 20*p**3 - p**2. Let n be t(-1). Let z = q - n. Is z composite?
False
Let p be ((-1)/5 - -1)*5. Suppose -44 = -4*s + q - p*q, 5*q - 8 = -2*s. Is 243/7 + 4/s prime?
False
Let j(v) = -187*v - 18. Is j(-5) prime?
False
Let d = 14 - 6. Let w(j) = 10*j + 15. Let m(r) = -1. Let o(b) = 6*m(b) + w(b). Is o(d) a prime number?
True
Let q be (4 - 2) + (1 - -1). Suppose 0 = 3*y - 5*j + 4*j - 114, 2*y = 3*j + 83. Suppose 87 = q*s - y. Is s composite?
False
Let g be 82/((-5)/((-500)/8)). Suppose 5*q + 4*p = g, 2*p - 3*p = 4*q - 809. Is q a composite number?
True
Let q = 488 + -310. Is q prime?
False
Suppose n + 30 = 6*n. Is (-382)/n*(2 + -5) a composite number?
False
Suppose 12 = -g - 2*g. Let u(z) = -2*z**3 + 3*z**2 - z - 3. Is u(g) a composite number?
True
Suppose -5*h - 3310 = -8145. Is h a prime number?
True
Let r(z) = -43*z - 2. Let c be r(5). Let f = c - -590. Is f composite?
False
Let o be -3*(-3)/((-9)/53). Let d = o - -130. Is d prime?
False
Suppose -6*k + 3*k + 633 = 0. Is k a composite number?
False
Is (1 + 36)*(-6 + 7) prime?
True
Suppose 153 = 3*o + 3*l, -6*o + 3*l = -2*o - 232. Suppose -2*m = y - o, y = -3*m - 3*y + 85. Suppose m = p + 6. Is p a prime number?
False
Let b = 64 + 21. Is b a composite number?
True
Suppose 0 = -4*k - 0*k + 12. Let z be (-936)/(-15) - (-2)/(-5). Suppose k*f = z + 175. Is f a composite number?
False
Let u(s) = -s + 1. Let z be u(-2). Suppose z*p - 40 = 53. Is p prime?
True
Suppose 0 = -5*g - 2*v + 811, 3*g + 3*v - 5*v - 493 = 0. Is g a prime number?
True
Suppose -2*p + a = 7, a + 10 = -a. Let c = 0 - p. Suppose 2*q + c = 0, -q + 392 = 5*h - 0*h. Is h a composite number?
False
Let p be (3/(-5))/((-2)/10). Is (42 - p) + 0 + 0 a composite number?
True
Is (3 + 0)/(2/46) a composite number?
True
Suppose 3*z - 50 = -4*k + 6*z, -3*k + 3*z = -39. Suppose -n = f + 3*f - k, -f = 4*n - 14. Is 128/9 + f/(-9) prime?
False
Let z(v) = -185*v - 3. Is z(-4) a prime number?
False
Let c be (-19)/38 - (-138)/4. Let h = -23 - -11. Let z = h + c. Is z composite?
True
Let l(k) = -3*k + 6. Let w be l(-13). Suppose -2*j + 4*t - 46 = -7*j, -w = -4*j + 5*t. Is j prime?
False
Suppose 4*u - 1874 = 522. Is u composite?
False
Suppose 12 = -2*z + 1714. Is z a prime number?
False
Suppose 3*p - 15 = 0, 3*g = -0*g - 2*p + 22. Suppose 4*x + 176 = -4*d, -221 = 5*d - 4*x + 8*x. Let t = g - d. Is t a prime number?
False
Let k be (-115)/25 - 6/15. Is 4/(-10) - 477/k composite?
True
Let p = 0 - -1. Let r = 6 - p. Let a = r - -30. Is a composite?
True
Suppose 41 = -5*v + 521. Suppose 3*p + 20 = 2*p - g, g + v = -5*p. Let b = p - -34. Is b a prime number?
False
Is (1/((-6)/5259))/(1/(-2)) a prime number?
True
Suppose 2*q + 3*q = 475. Suppose 2*r + q = 7*r. Is r composite?
False
Suppose -3*m = 5*b - 399, -3*b - 399 = -3*m - b. Is m a composite number?
True
Let f = 5 - 3. Suppose -f*a - 4*q - 66 = 0, -2*a - 4*q - 63 = -3*q. Let z = -16 - a. Is z prime?
False
Suppose -m + 211 = -2*o, m - 3*o - 192 = 15. Is m composite?
True
Suppose -2*y + 3*h + 8618 = 2*y, -y = h - 2151. Is y a composite number?
False
Let o(l) = l**3 + l**2 + 18. Let x be o(0). Suppose -x = -q + 451. Is q composite?
True
Let w be 6/4 + 453/6. Suppose -5*k - w = -6*k. Is k prime?
False
Let y = 11 - 2. Is (y/(-6) + 2)*422 composite?
False
Let m be 1/1*(-2 - -1). Let v be (1 - m) + 2 + 0. Suppose 0 = v*u - 98 - 34. Is u prime?
False
Let r = 1094 + -427. Is r a composite number?
True
Let l = -13 - -16. Suppose -28 = -h + l. Is h composite?
False
Let g = 1512 - 200. Let y = -477 + g. Is y a composite number?
True
Suppose -18874 = -2*z - 5756. Is z a prime number?
False
Let j(t) = -t**2 + 5*t - 2. Let q be j(6). Let m(u) = u**2 - u - 10. Let f be m(q). Suppose w - f = -w. Is w composite?
False
Let i(p) = 2*p**3 - 6*p**2 - p - 2. Let l(n) = 3*n**2 - n - 1. Let j be l(-1). Suppose -8 = -x - j. Is i(x) a prime number?
False
Is 10734/10 + 36/(-90) a composite number?
True
Let r(z) = -z**2 - 5*z + 6. Let f be r(-6). Let w = f - -2. Suppose 4*j - 38 = w*j. Is j a composite number?
False
Let n = 312 - -787. Is n prime?
False
Let t be (-2)/(-4)*-11*-2. Suppose -4*j - t - 5 = 0. Is ((-11)/j)/((-4)/(-16)) a prime number?
True
Let b(i) be the first derivative of 16*i**2 - 1 + 7*i**2 - 4*i**2. Is b(1) a composite number?
True
Let i(n) = -21*n - 1. Let o be i(5). Let u = o - -240. Suppose 0 = a + a - u. Is a a prime number?
True
Let r = -439 - -702. Is r composite?
False
Let i(w) be the first derivative of 19*w**4/2 - w + 2. Suppose 4 = 4*s - 0. Is i(s) prime?
True
Let q be (58/3)/(2/27). Suppose 0*o - q = -3*o. Is o prime?
False
Let m = -3 + 5. Suppose s = 4*d - 598, 451 = -d + 4*d - m*s. Is d a prime number?
True
Let n(o) = -76*o - 15. Is n(-11) prime?
True
Let w = -184 - -435. Is w a prime number?
True
Suppose 0*j = -3*j - 102. Let q = -21 - j. Is q prime?
True
Suppose -y = -4*y. Let v(r) = -r + 83. Is v(y) a prime number?
True
Suppose 0 = 4*w + 5 - 1. Is w*(-2 + 4) + 205 a composite number?
True
Let k be ((-2)/(-4))/(1/16). Let c(d) = d**3 - 5*d**2 - 11*d + 9. Is c(k) a prime number?
True
Let j be (8/10)/(10/25). Suppose 3*r = -y + 248, 3*r + 334 = 7*r - j*y. Is r composite?
False
Let p(l) = 21*l**3 + l**2 + 2*l - 2. Is p(1) a composite number?
True
Let x(l) = -l**3 + 2*l**2 - 1. Let h be x(-1). Is h/(-7) - (-810)/42 prime?
True
Is (-1)/(-6)*-2*-2085 a prime number?
False
Suppose 0*r - 8 = -4*r. Is (r - 1 - -1) + 125 a prime number?
True
Let v(m) = -m**3 - 6*m**2 + m - 6. Let b be v(-7). Let h = 50 - b. Is h prime?
False
Is ((-4)/12)/((-3)/47367) a composite number?
True
Suppose 536 = -4*s + 2028. Is s a composite number?
False
Suppose g = -5*n + 483, -5*g - 289 = -3*n - 6*g. Is n prime?
True
Let x be ((-3 - -3) + -1)*143. Let n = x - -286. Is n prime?
False
Let c(q) be the first derivative of -3*q**2/2 - 7*q + 3. Let s be (1/2)/((-2)/24). Is c(s) a prime number?
True
Let b = -7 + 1. Let p(h) = -h**2 - 17*h + 4. Let j(l) = -2*l**2 - 35*l + 9. Let g(x) = b*j(x) + 13*p(x). Is g(-8) a prime number?
False
Let d = -10 - -14. Suppose 0 = d*y - y - 165. Is y composite?
True
Let n be 8/10*10/4. Suppose 3*s - 5*r = 292, -5*s + n*r + 188 = -3*s. Is s prime?
True
Let u(h) = 51*h**2 + 2*h. Let s be u(2). Let t(z) = z**3 - 3*z**2 - 4*z + 4. Let k be t(4). Suppose 0 = c + k*l - 45, 4*c = -0*l - 2*l + s. Is c a prime number?
True
Suppose -304 = -2*t - 26. Is t composite?
False
Let b(m) = 11*m**3 - 2*m**2 - 3*m - 2. Let w be b(4). Is 5/(10/w) + -2 a composite number?
True
Let f be -1 + (0 - (-3)/1). Supp